62685573 a composite number?
True
Is 19158042643 a composite number?
False
Is 491129981 composite?
False
Is 102617799457 a composite number?
True
Is 3091031011 prime?
True
Is 25215728093 a prime number?
False
Is 76735350721 composite?
False
Is 812616971 composite?
True
Is 17812196147 a prime number?
True
Is 427369121 composite?
False
Is 11993656637 a prime number?
True
Is 42646195673 prime?
False
Is 2541967957 prime?
False
Is 1907274305 prime?
False
Is 3865777387 a composite number?
False
Is 1098861139 a prime number?
True
Is 151843682 a prime number?
False
Is 1741898749 a composite number?
False
Is 10444685689 composite?
True
Is 944907473 prime?
False
Is 5444388731 a prime number?
True
Is 802969081 composite?
True
Is 1206377335 composite?
True
Is 61936363 a prime number?
False
Is 2716068763 a prime number?
True
Is 25521539123 a prime number?
False
Is 2215049563 composite?
False
Is 1625971 a composite number?
True
Is 2296143826 prime?
False
Is 2760542537 a prime number?
True
Is 526656301 composite?
False
Is 12423044867 a prime number?
False
Is 3724533557 composite?
False
Is 67457249599 composite?
False
Is 3029700761 prime?
True
Is 84552483727 composite?
False
Is 302619455 prime?
False
Is 30605219609 a composite number?
False
Is 12185834861 prime?
False
Is 2005626839 a prime number?
True
Is 489017519 composite?
True
Is 32185753 a composite number?
True
Is 3433597553 prime?
True
Is 21448758637 a prime number?
True
Is 1006460243 prime?
False
Is 803890687 composite?
True
Is 574143203 prime?
True
Is 54191573 a composite number?
False
Is 85945789 a composite number?
True
Is 8602688437 a composite number?
True
Is 337571191 composite?
False
Is 99065357 a composite number?
False
Is 14586604309 a prime number?
True
Is 1082085077 a composite number?
False
Is 32506233547 a prime number?
True
Is 61559046551 prime?
True
Is 19935108223 prime?
True
Is 300647855 prime?
False
Is 16697489 a prime number?
True
Is 239826907 a composite number?
False
Is 662218397 composite?
False
Is 93581861 a composite number?
False
Is 5529197291 composite?
False
Is 125358929 prime?
True
Is 71030851 prime?
True
Is 1533366413 prime?
False
Is 22682396237 a prime number?
True
Is 611146449839 prime?
False
Is 600272931 a composite number?
True
Is 8035352921 prime?
False
Is 4826527549 composite?
True
Is 40639631393 composite?
True
Is 51157477849 a prime number?
True
Is 5136212233 prime?
True
Is 5752594787 a prime number?
True
Is 38733480121 a composite number?
True
Is 160278348059 a prime number?
False
Is 1152170519 composite?
True
Is 1432232273 a prime number?
True
Is 173698123 composite?
False
Is 66537317663 composite?
True
Is 6568905121 prime?
False
Is 603919943 a prime number?
False
Is 699785389 a composite number?
False
Is 2339134773 prime?
False
Is 10167536153 a prime number?
False
Is 80849269439 a composite number?
False
Is 5940604561 composite?
False
Is 460818809 prime?
False
Is 2836527107 prime?
True
Is 15463559003 composite?
False
Is 62462166163 a composite number?
False
Is 295026269 prime?
True
Is 307971657121 a composite number?
False
Is 44168115751 composite?
False
Is 24410192969 composite?
False
Is 536609321 a composite number?
False
Is 100222741 a prime number?
True
Is 4271661601 a prime number?
False
Is 5778510799 prime?
False
Is 649547749 composite?
True
Is 1053548515 prime?
False
Is 2140860259 a prime number?
False
Is 367614601 a prime number?
True
Is 5107715177 a prime number?
False
Is 2653607003 composite?
False
Is 1247415266 a composite number?
True
Is 9326694983 a composite number?
True
Is 301342193 a prime number?
False
Is 18386490566 a composite number?
True
Is 7118769017 composite?
False
Is 71401633 prime?
True
Is 1643672879 prime?
True
Is 39099431 prime?
False
Is 14937817061 a composite number?
True
Is 1005384682 prime?
False
Is 4418371561 a prime number?
False
Is 22098563 a composite number?
False
Is 41027493431 a composite number?
False
Is 21513828743 prime?
False
Is 15782076194 a composite number?
True
Is 863465731 composite?
False
Is 8076191791 composite?
False
Is 12614959163 prime?
True
Is 18490282 composite?
True
Is 1525242391 prime?
False
Is 934459081 a prime number?
True
Is 2649001899 composite?
True
Is 265223047 prime?
False
Is 242670691 a composite number?
True
Is 52366498377 composite?
True
Is 1493993339 prime?
False
Is 3577079371 prime?
True
Is 155800183018 prime?
False
Is 22821519439 prime?
False
Is 291772152643 prime?
True
Is 789992447 prime?
True
Is 2607270247 composite?
False
Is 35759088919 a prime number?
False
Is 51248968637 prime?
True
Is 3089210921 a prime number?
False
Is 44517501571 a prime number?
False
Is 6828304001 a prime number?
False
Is 317453845 prime?
False
Is 518762827 prime?
False
Is 5080148077 prime?
True
Is 379921441 a composite number?
False
Is 3092864573 a prime number?
True
Is 63353748781 prime?
False
Is 15863750899 a prime number?
True
Is 8875807849 prime?
True
Is 445898509 composite?
True
Is 6657679649 a prime number?
True
Is 1059626761 prime?
False
Is 2196862711 a composite number?
False
Is 42649723 composite?
False
Is 64569484591 composite?
False
Is 9490154741 prime?
False
Is 50232811333 composite?
False
Is 918530873 composite?
True
Is 22975974194 a composite number?
True
Is 2879182003 a composite number?
True
Is 2482594298 prime?
False
Is 1208015743 composite?
True
Is 92328857 prime?
True
Is 3317179369 composite?
True
Is 42069429169 a composite number?
False
Is 47023511653 a composite number?
True
Is 15002311801 prime?
True
Is 245069368109 a prime number?
False
Is 638357989 a prime number?
True
Is 7516585963 a composite number?
True
Is 1498707269 a prime number?
False
Is 2536918781 prime?
True
Is 5229376547 a composite number?
False
Is 2544640811 a prime number?
False
Is 224504087 a prime number?
True
Is 5181010957 prime?
True
Is 80929749067 composite?
False
Is 272634221 composite?
True
Is 1248334469 a composite number?
False
Is 800917619 composite?
True
Is 129307488857 a prime number?
False
Is 478787563 prime?
True
Is 88989399847 prime?
False
Is 2354811673 a prime number?
False
Is 569827135 prime?
False
Is 6178869143 a prime number?
False
Is 147165987 composite?
True
Is 32654635957 a prime number?
True
Is 3700878827 a composite number?
True
Is 76656700039 composite?
False
Is 133037721155 a composite number?
True
Is 9638786006 composite?
True
Is 34052810023 composite?
False
Is 25540238965 composite?
True
Is 6655207331 composite?
False
Is 107893923199 a composite number?
False
Is 242456813 a composite number?
False
Is 3176365121 composite?
True
Is 2226225151 a prime number?
False
Is 676037927 a composite number?
True
Is 6495650641 a composite number?
False
Is 3239696197 prime?
True
Is 65731531501 composite?
False
Is 89992549967 a prime number?
True
Is 9714551831 composite?
True
Is 63622967 a composite number?
False
Is 4007541823 a composite number?
True
Is 12081018179 a prime number?
True
Is 28565023441 prime?
True
Is 1200878331 composite?
True
Is 587079749 prime?
False
Is 20408589479 prime?
False
Is 3011114761 a composite number?
True
Is 5796122 a prime number?
False
Is 1796452243 composite?
False
Is 1573123367 a composite number?
True
Is 577770211 composite?
True
Is 368606701 a prime number?
True
Is 1657375507 composite?
True
Is 2488638379 composite?
True
Is 1050182759 prime?
False
Is 733810463 a composite number?
False
Is 2695848334 a composite number?
True
Is 23936802457 prime?
True
Is 106399611827 composite?
False
Is 923398363 prime?
True
Is 4409793539 a composite number?
False
Is 5163799717 composite?
False
Is 6466932581 a prime number?
True
Is 43627263583 a composite number?
False
Is 14764676903 composite?
True
Is 469535861 composite?
False
Is 36559556158 composite?
True
Is 39214347707 a composite number?
False
Is 10747354323 a prime number?
False
Is 652687643 prime?
True
Is 85405610341 a prime number?
True
Is 9123054461 prime?
False
Is 33267611849 a composite number?
True
Is 22436074603 a prime number?
False
Is 35166109255 composite?
True
Is 30980425093 composite?
False
Is 128181232129 a composite number?
False
Is 3399486983 a prime number?
False
Is 24679714117 a composite number?
False
Is 40580420393 a prime number?
True
Is 1117972549 composite?
False
Is 1038834271 a composite number?
False
Is 2030267831 a 